 + 5. Let l(v) = f*p(v) - 3*x(v). Suppose 5*w - 40*w = -210. Give l(w).
-1
Let x(u) = 2*u - 17. Let g be x(12). Let h(v) = -v**3 + 6*v**2 + 7*v - 9. Give h(g).
-9
Let i(q) = -q**3 + 7*q**2 - 6*q + 6. Let x = -15 - -20. Suppose -x*u = -3*u - 48. Suppose -2*p = 2*p - u. Give i(p).
6
Let h(n) = -n**2 - 5*n + 1. Let u be h(-4). Let w(d) = d + 4. Let v(o) = o**3 - 6*o**2 + 3*o - 13. Let x(c) = v(c) + 2*w(c). Give x(u).
-5
Suppose 1 = 3*g + 7. Let w = g - 4. Let x(p) = -p**3 - 6*p**2 + 2*p + 1. What is x(w)?
-11
Let v(l) = -l**2 - 4*l + 1. Let b = -111 + 221. Let g be (6/(-5))/((-11)/b). Suppose -2*s = g - 2. Give v(s).
-4
Let j(n) = -n**2. Let w(f) = 1 + 3*f**2 + f**2 - 1 + 3 + 4*f. Let x(r) = 3*j(r) + w(r). What is x(-2)?
-1
Let z = -23 - -17. Let k be (18/(-3))/(z/(-6)). Let u(w) = -w**3 - 7*w**2 - 4*w + 8. Let d be u(k). Let f(v) = v**2 + 5*v + 5. Give f(d).
1
Let m = -8 - -12. Suppose 5*s - s = -d - 16, m*d + 2*s - 6 = 0. Let i(w) be the third derivative of w**6/120 - w**5/30 - w**4/4 + w**3/3 + w**2. Calculate i(d).
10
Let p(u) = -5*u**2 - 24*u - 30. Let x(m) = -m**2 + m. Let f(a) = -a**2 - 1. Let j(g) = 6*f(g) - 5*x(g). Let n(c) = 11*j(c) - 2*p(c). Give n(-7).
-6
Let l(x) = 5*x**2 - 2*x + 6*x - 39*x**3 + 12 + 40*x**3. Let a be l(-5). Let o(m) = 3*m + 11. Determine o(a).
-13
Let g(z) be the third derivative of z**6/120 - 11*z**5/60 - z**4/24 - 8*z**3/3 - 2*z**2 + 34*z. What is g(11)?
-27
Let a(x) = -12*x + 24. Let r be a(6). Let f be 42/(-8) - 12/r. Let p(n) = n**3 + 4*n**2 - 7*n - 2. Give p(f).
8
Let o(p) = -p**3 + p**2 + 3*p + 1. Let u = -7 + 9. Suppose u*j - 29 = 5*j - 4*l, j + 2*l - 7 = 0. Let m be 4/j*12/8. Give o(m).
7
Let g(t) = t + 0*t**3 + t**3 - 3*t + 8*t**2 + 0*t**3 + 298 - 307. Let m(z) = -z**3 - 8*z**2 + 10*z + 1. Let f be m(-9). What is g(f)?
7
Let o(n) = -13*n - 31. Let m(c) = -7*c - 16. Let h(d) = 5*m(d) - 3*o(d). Determine h(-7).
-15
Let b = -5 + 5. Let v be 1/2*b - 4. Let a(j) be the first derivative of -j**3/3 - 5*j**2/2 - j + 9. Determine a(v).
3
Suppose -v - 57 - 10 = 0. Let w be 0 - v/6 - 30/180. Let g(h) = -h**3 + 11*h**2 - h + 8. Determine g(w).
-3
Let w(h) = -5*h**2 - 17*h + 5. Let a(l) = -11*l**2 - 36*l + 10. Let f(z) = 6*a(z) - 13*w(z). Suppose 4*v + 11 = 4*g - 5, -4*g + v + 16 = 0. Calculate f(g).
-1
Suppose a + 112 = -3*i, 4*i + 5*a = 10 - 163. Let x = i + 37. Let s(g) = -g**2 + g + 3. What is s(x)?
3
Let n(w) = -2*w**3 - 3*w**2 + 3*w - 2. Let z be n(-3). Let j = -8 + z. Let g(v) = 5*v**2 + 3*v - j*v**2 - 5 + 2*v**2 - 7*v. Determine g(-4).
-5
Suppose -g + 2 = -2. Let n be -2*g/((-32)/20). Let t(s) = -2*s - 1 + 0 - n*s. Determine t(-1).
6
Let x(m) = -37*m + 20*m + 16*m + 8. Calculate x(-5).
13
Let w(x) = -x**3 + 4*x**2 - 3*x + 3. Let h(r) = -2*r + 28. Let z be h(13). Give w(z).
5
Let g(c) = -c**3 - 4*c**2 + c + 2. Let x(p) = p**3 - 12*p**2 + 9*p + 19. Let i be x(11). Give g(i).
-10
Let x = -15391 - -15390. Let z(q) = -q**2 + q - 21*q**2 - q**2. Give z(x).
-24
Let n(u) = 3*u + 1. Let r(y) = -y**3 + 3*y**2 + 2*y + 1. Let f be r(3). Let t(g) = -2*g. Let s(h) = f*t(h) + 4*n(h). Calculate s(-3).
10
Let n be (3 - 3) + (-24)/(-6). Let i(g) = 2*g**2 + 5 - 3*g - 4*g**2 + 3*g**2. Determine i(n).
9
Let d(h) = h**2 + 5*h + 1. Let w be d(-4). Let s = -4 - w. Let y be s + -1 + 3/3. Let l(n) = 9*n. Determine l(y).
-9
Let p(y) = -4*y**2 - 10*y - 1. Let c(f) = -5*f**2 - 11*f - 2. Let a(v) = -3*c(v) + 4*p(v). Let q(m) = 3*m + 22. Let i = 38 - 47. Let s be q(i). Calculate a(s).
12
Let d(u) = u**3 - 3*u**2 + u + 2. Let r be 3 - 14/2 - -10. Suppose 3*g - 5*g = 4*i - 12, -i - 5*g = r. Suppose -9 - 3 = -i*t. Determine d(t).
5
Let z(j) = -j**2 - 11*j - 8. Let i be z(-10). Let x be ((-2)/(-6))/(-1)*-3. Let k(w) = i*w - 3*w + x + w + w. Determine k(-1).
0
Let h(w) = 19 - 6*w**2 - 2*w + 5*w**2 + 7*w + 4*w. What is h(11)?
-3
Suppose 6 = -2*s + s. Let d be s/1 + -2 - (8 + -10). Let h(p) = p**3 + 7*p**2 + 7*p - 2. Calculate h(d).
-8
Suppose 0 = 331*q - 324*q - 35. Let h(n) be the first derivative of -n**3/3 + 5*n**2/2 + 3*n - 2. Give h(q).
3
Let g(q) = 11*q**3 + q**2 - 2*q + 1. Let l(i) = 3*i + 13. Suppose 9*y + 39 = 3. Let f be l(y). What is g(f)?
11
Let z(u) be the first derivative of -3*u**2/2 - 55*u - 402. Give z(-14).
-13
Let r(z) be the third derivative of 1/120*z**6 + 3*z**2 + 1/15*z**5 + 0*z**4 + 0*z - 1/6*z**3 + 0. Suppose -l = 3*l - 5*k + 31, 6 = 2*k. Calculate r(l).
-1
Suppose 5*d - 6*d - 2 = 0. Let s(m) be the third derivative of -m**5/60 - m**4/12 - m**3/3 + 16*m**2 + 2. Determine s(d).
-2
Suppose -2*p + 17 - 1 = 0. Let i be 1 - (-1)/(4/p). Let r(g) = 0 - g + i - 2. What is r(2)?
-1
Let y(b) be the second derivative of -b**4/12 + 7*b**3/6 + 5*b**2/2 + 75*b. What is y(7)?
5
Let g(j) = -j. Let z(q) = -q**2 - 4*q - 4. Let k(m) = 2*g(m) + z(m). Let h(i) = 2*i**3 - 12*i**2 - 24*i - 69. Let o be h(8). What is k(o)?
1
Suppose 54 - 169 = 23*n. Let h(s) = 7*s + 18. What is h(n)?
-17
Let p(b) be the second derivative of b**4/12 + 3*b**2/2 + 66*b - 2. Determine p(-4).
19
Let g(i) = -i**3 + 5*i**2 + 4. Let b be g(5). Let c(w) = 4 - 4 - w + b. Suppose -2*k - o + 3 = 0, 2*o - 25 + 51 = 4*k. Calculate c(k).
0
Let s(d) = d - 14. Let c be s(17). Let j(t) = -8*t + 5 + 13*t - c*t. Calculate j(-6).
-7
Let j(n) = -2*n**2 + 5*n - 4. Let o(r) = -30*r - 6. Let z(x) = 2*x - 1. Let u(h) = o(h) + 10*z(h). Let t be u(-2). Calculate j(t).
-16
Let i(x) = x**2 - 9*x + 11. Suppose 0 = -6*n - n + 70. What is i(n)?
21
Let a be (-26)/(-6) - 6/(-9). Let m(g) be the second derivative of g**4/12 - 7*g**3/6 + 2*g**2 + 4*g - 126. What is m(a)?
-6
Let p(y) = -y**2 + 2*y + 4. Suppose 30*n + 104 + 46 = 0. What is p(n)?
-31
Let n(w) be the first derivative of 0*w**2 + 8*w - 1/3*w**3 + 37. Let s(v) = v**3 + 5*v**2 + 4*v. Let u be s(-4). What is n(u)?
8
Suppose 5*i + c - 26 = 0, 4*i + 3*c = 2*i. Let m(j) = 2*j**2 - 8*j - 6. Determine m(i).
18
Let r(p) be the second derivative of 0 - 1/3*p**3 + 12*p - 1/4*p**4 + p**2. Give r(-2).
-6
Let a(h) = h - 3. Suppose 0 = 11*s + 126 - 82. Give a(s).
-7
Let a(m) be the third derivative of -m**4/24 + 3*m**3/2 - 3*m**2 + m. Determine a(0).
9
Suppose -4*m + 8 = 0, v + 3*m - 6 + 2 = 0. Let r be v/12 + 11/(-6). Let h(y) = 2*y**2 - 3*y - 3. Determine h(r).
11
Suppose -4*g + 11 = -9. Let s be (-10)/g - (1 - 5). Let l(n) = n**3 - 2*n - 2*n**s - 2*n - 1 - 2*n**2 + 3*n. What is l(4)?
-5
Let u(p) = -p**2 - 6*p - 4. Suppose m - 15 + 2 = 3*x, -4*x + 4*m - 4 = 0. Determine u(x).
-4
Let o be ((-2)/(-4))/(1/(-4)). Let g be o/4 - (-3)/6. Let h(n) = 363 + g*n + 4*n - 356 - 3*n. What is h(-5)?
2
Let a(s) = 6*s - 39. Let b be a(6). Let g(n) = -2*n**2 - 5*n + 7. Let d be g(b). Let c(m) = -m**3 + 3*m**2 + 4*m. Determine c(d).
0
Let d(s) = s**2 - 3*s - 2. Suppose -103 + 13 = -15*k. Determine d(k).
16
Let p be (4/3)/((-8)/(-36)). Let t = 65 + -56. Let q(i) = -9*i**2 + 2*i + 3*i**2 - t + 1 + i**3. What is q(p)?
4
Let v(l) = l**3 + 8*l**2 + 11. Let d(q) = 3*q**3 + 17*q**2 + q + 21. Let k(b) = -2*d(b) + 5*v(b). Let h be k(6). Let z(c) = c**3 - c**2. What is z(h)?
0
Suppose 2*y + 3*y - 25 = 0. Let z be 2/3*(y - -1). Let l(m) = -z + 6*m + 2 + 2. Give l(-1).
-6
Let n(m) be the second derivative of m**6/120 + m**5/20 + m**4/12 + m**3/2 - 9*m**2 - 2*m. Let y(i) be the first derivative of n(i). Give y(-2).
3
Let z(g) = -5*g - 1. Let i(x) = 11*x + 2. Let h(j) = 4*i(j) + 7*z(j). Let l(u) = -36*u - 3. Let b(y) = -9*h(y) - 2*l(y). Give b(-2).
15
Let v(x) = x**3 - 2*x**2 - 4*x + 4. Suppose -45*f + 8*f + 111 = 0. Calculate v(f).
1
Suppose 3*d = -5*t - 2*d - 15, -4*t - 5*d - 15 = 0. Let c(b) = 202*b + 3 - 203*b + 3. Calculate c(t).
6
Let p be (0 - 1)*(-6 + 4). Let v(n) = -4*n**3 + 4*n**3 + 3 + 3*n**2 - 6*n**p + n**3 - n. Let j = -49 + 52. Give v(j).
0
Suppose -8*b - 60 = -5*b. Let i be (b/(-15))/(2/(-3)). Let u(p) = 2*p**2 + p - 1. What is u(i)?
5
Let v(t) = -t**3 + t**2 + 2. Suppose -4*q = 3*z + 2 + 2, q = -4*z - 1. Calculate v(z).
2
Let n = 41 - 44. Let x(g) be the third derivative of -1/20*g**5 - 5*g**2 + 2/3*g**3 - 1/8*g**4 + 0*g + 0. Calculate x(n).
-14
Let r(g) = -31 + g**2 + 0*g**2 + 11 + 8 + 7 - 8*g. Calculate r(6).
-17
Let p(w) be the first derivative of 3*w**2 - 11*w - 85. What is p(3)?
7
Let o(n) = 9*n**3 - 12 - 6*n**3 + 9 - 4*n. Let k be ((-8)/20)/((-2)/(-10)). 